 -8*m - 60362 = -2*x + 2*m, -2*x - m = -60373. List the prime factors of x.
2, 3, 13, 43
Let x(s) = -4*s**2 + 2*s**3 + 13 + 1 + 8*s**2 - 7*s - 6. List the prime factors of x(8).
2, 7, 11
Suppose 125 = x + 6*j - 8*j, -4*x + 435 = 5*j. Suppose 0 = 4*k + 2*a - 3*a - 11, -k + 5 = -a. Suppose k*s - 125 = x. List the prime factors of s.
2, 3, 5
Suppose -u + 5927 = -3*b, -34133 = -5*u - 3*b - 4588. What are the prime factors of u?
2, 739
Let y(d) = -6*d + 8. Let m be (-5)/2*(-78)/65. Suppose 3*b = 3*f - 12, 5 = -2*b + 4*f - m. What are the prime factors of y(b)?
2
Suppose 4*p = 207*z - 212*z + 30484, -2*z + 12190 = p. What are the prime factors of z?
2, 1523
Suppose 61*u = 85*u - 3744. Let j = 271 + 23. Let r = j - u. List the prime factors of r.
2, 3, 23
Let a(c) = -c**3 + 39*c**2 + 11*c + 278. What are the prime factors of a(26)?
2, 7, 167
Let f = 48 + -24. Suppose 0 = 29*m - 25*m + f. Let k(h) = -15*h - 17. List the prime factors of k(m).
73
Let r be 3/(12/248)*(-1469)/(-2). Suppose -29*q = 10710 - r. List the prime factors of q.
1201
Let c be (2 + -3)/((3 - 1)/4). Let k(j) = -2 - 2 + 0 - 6 - 10*j. What are the prime factors of k(c)?
2, 5
Let b be 16/(-72) - 29/(-9). Suppose b*n + 131 = 416. Let l = n - -55. List the prime factors of l.
2, 3, 5
Let c = 42292 - 19620. List the prime factors of c.
2, 13, 109
Let x(l) = -13*l + 72. Suppose 0 = -4*z + 15*z + 5*z. List the prime factors of x(z).
2, 3
Let c(g) be the third derivative of -g**4/24 - g**3/3 + 45*g**2. Let f be c(1). List the prime factors of (16 + 617)*(-1)/f.
211
Suppose 16678 = 9*a - 97928. What are the prime factors of a?
2, 6367
Let z be ((-2)/3)/(16/(-120)). Let r(v) = -2*v**2 + 10*v. Let y be r(z). Suppose -4*c + 24 = o, y*o = -c + 5*o + 6. List the prime factors of c.
2, 3
Let o be (-42)/(-67 - -60 - 82/(-12)). Let z be (36/(-30))/((-4)/30). Suppose z*g = 6*g + o. What are the prime factors of g?
2, 3, 7
Suppose -5*x + 0 = 20, 0 = -3*d - 5*x + 2956. Let y be (2 + d/4)/(2 - 1). Suppose 0*m - y = -2*m. What are the prime factors of m?
5
Let y = 28 - 31. Let p(j) = 24*j + 4. Let x be p(y). Let a = -36 - x. What are the prime factors of a?
2
Let o(l) = -l**3 - 8*l**2 + 9*l + 12. Let p be o(-9). Suppose 5*i + i = p. Suppose 0 = -4*k - 7*x + i*x + 240, -122 = -2*k - 3*x. List the prime factors of k.
5, 11
Let g(s) = 11*s**2 - 4*s + 28. Let j be g(-6). Suppose 3*z - j = 242. What are the prime factors of z?
2, 5, 23
Suppose 3*k + 5724 = -5*n, -k = -2*n + 5*n + 3432. Let p = 1638 + n. What are the prime factors of p?
3, 5, 11
Let o = 64 - 59. Suppose -o*t = -10 - 0. Suppose -131 = -t*g - 3*w, -4*w = -3*w - 5. What are the prime factors of g?
2, 29
Suppose 6*z + 2*h - 46 = z, -3*h + 9 = 0. Suppose 4*a - z*a = -3680. Suppose -5*c - b + a = 4*b, 0 = 3*b + 12. List the prime factors of c.
2, 47
Let x be 1/(5 + -9*(-181)/(-326)). Let h = x + -320. List the prime factors of h.
2, 3
Suppose 120*d = -117*d + 27*d + 6607020. What are the prime factors of d?
2, 15731
Suppose 3*i + 16 = 5*k, 4*k - i - 8 = 3*i. Suppose -927 - 262 = -k*r + 2*t, -2 = t. What are the prime factors of r?
3, 79
Suppose d + 5*x = 3*x + 12, -5*x = 2*d - 26. Let p(h) = h + 54. What are the prime factors of p(d)?
2, 31
Let x be 321/2 - 1/2. Let f be 66*(((-280)/21)/(-10) - 3). Let g = f + x. What are the prime factors of g?
2, 5
Let q(p) = -29*p - 19. Suppose 2*r + 4*f = 86, 0 = 2*r - 3*f - 88 + 16. Suppose 0 = -r*i + 41*i + 12. List the prime factors of q(i).
5, 31
Suppose -4*s + 166259 = 5*u, -3*u - 3*s - 132970 = -7*u. What are the prime factors of u?
33247
Suppose -5*g - 23*o + 20*o = -3167, g = o + 635. List the prime factors of g.
2, 317
Let w(b) be the second derivative of 25*b**3/2 + 133*b**2/2 - b - 4. List the prime factors of w(8).
733
Let o(v) = -20*v - 100. Let f(b) = 4*b + 1. Let h(c) = 3*f(c) - o(c). List the prime factors of h(6).
5, 59
Suppose o = -13*j + 52828, 3*j - 44*o - 12144 = -39*o. List the prime factors of j.
17, 239
Let l(f) = 767*f**2 - 11*f - 93. Let c be l(9). List the prime factors of 44/242 - c/(-33).
1877
Let a be 25459/21 + 4/6. Suppose -4*q = b - 1217, -4*q + 2*b = -b - a. List the prime factors of q.
2, 19
Suppose 3*t + z - 14 = 0, -4*t + z + z = -2. Suppose 0 = -2*m - 2*r - t*r + 13, 4*m - 4*r - 12 = 0. What are the prime factors of 36 - (1 - m - -2)?
37
Let z = -6 + 28. Let a be (-4 - (-15)/(7 - 2))*-62. Suppose -m = -2*m - 5*k + a, -5*k = -m + z. What are the prime factors of m?
2, 3, 7
Suppose -23*g + 18 = -20*g. Suppose -2*k + 0*o + 2*o + g = 0, -5*k - o + 21 = 0. Suppose -35 = f - 2*f + 4*n, 0 = k*n + 20. What are the prime factors of f?
3, 5
Let c(k) = -2*k**2 - 1. Let i(a) = -16*a**2 - 15. Let b(x) = 14*c(x) - 2*i(x). List the prime factors of b(10).
2, 13
List the prime factors of ((-74)/407 + 15/(-99))/((-1)/163230).
2, 5, 5441
What are the prime factors of (0 + -5171)/((-129)/129)?
5171
Let a(b) = 2*b**2 + b**3 - 12*b + 4*b**2 + 5*b**2 - 5*b**2. Let n be a(-5). Suppose 0 = 3*i - 26 - n. What are the prime factors of i?
37
Let j = -71122 + 113502. List the prime factors of j.
2, 5, 13, 163
Suppose 4*x - 24 = 0, 3*w + 5*x - 8333 = -857. What are the prime factors of w?
2, 17, 73
Suppose 73*a - 533800 = 14*a - 41*a. List the prime factors of a.
2, 17, 157
Suppose 5*f + 0*f = 3*h + 6195, f - 1222 = 4*h. Suppose -10*d + f = 13*d. List the prime factors of d.
2, 3
Let y = 76175 + -34350. List the prime factors of y.
5, 7, 239
List the prime factors of ((-202794)/(-8))/(216/288).
73, 463
Let w = 8760 - -607. What are the prime factors of w?
17, 19, 29
Let o(t) = 4*t**2 - 2*t**3 - 5*t**2 + 3 + 3*t**3 + 7*t**2. Let n be o(-6). Suppose -z - 36 = -n*z. What are the prime factors of z?
2, 3
Suppose 4*x - 8564 = -2*t, -4*t + 8351 + 8797 = -2*x. List the prime factors of t.
2, 2143
Let a(m) = 2*m**3 + 13*m**2 + 6*m + 3. Let n be a(-6). Let q be (1*-6)/n*15. Let y = q + 88. List the prime factors of y.
2, 29
Let c(n) = -n**3 + 26*n**2 - 10*n - 79. Let p be c(25). Let r = 672 - p. What are the prime factors of r?
2, 47
Let m = 107 + -75. Let p = m + 507. What are the prime factors of p?
7, 11
Let d be (6/(-9))/(2/6). Let x be ((0 - d)*1)/((-4)/218). What are the prime factors of (-12 - -11) + (-1)/1 - x?
107
Let h = 5149 + 10961. List the prime factors of h.
2, 3, 5, 179
Let r be (10 + 0)*20/100. What are the prime factors of r*((-301)/(-2) - (-6)/3)?
5, 61
Suppose 20*s = 2*s + 288. Suppose -s = -3*t - 7. List the prime factors of t.
3
Let p = 13 + -7. Suppose a + 4 = p. Suppose -2*d + 2*l + 152 = -a*l, l = 2*d - 143. List the prime factors of d.
2, 5, 7
Suppose -13*l = -610036 + 38797 - 203782. What are the prime factors of l?
59617
Let n = -3 - -7. Let x(h) = 3*h + 96. Let t be x(-5). List the prime factors of (t/(-15))/(n/(-20)).
3
Let c be 55/(-22) - (-5990)/4. What are the prime factors of (c/3 - 4/12) + -4?
2, 13, 19
Let p(f) be the third derivative of -1/4*f**4 - 13/60*f**5 + 4*f**2 + 0*f - 3/2*f**3 + 1/120*f**6 + 0. List the prime factors of p(14).
103
Let k = -31 - -35. Suppose -644 = -3*o + k*r, r = -o - o + 433. Suppose -l = -3*l + o. List the prime factors of l.
2, 3
Let u be 15/((-6)/(-2 - 0)*1). Suppose 0 = -u*w - 5 + 30. Suppose -p - 265 = -w*k - 3*p, -3*p = -4*k + 189. List the prime factors of k.
3, 17
What are the prime factors of (-39920)/(-12) - 12/54*-6?
2, 13
Let v be (-6)/(-9) + (64/3)/(-2). List the prime factors of -1 - (7358/v + (-19)/95).
3, 5, 7
Let v be (-1 + -3 - 0/1)/(-2). Suppose 89 = 5*q - 5*a + 229, -122 = 4*q - v*a. Let l = q + 62. What are the prime factors of l?
29
Let o(y) = 29*y**2 + 71*y - 131. List the prime factors of o(5).
13, 73
Suppose -58*n = 44602 - 227070. List the prime factors of n.
2, 11, 13
Let j be -3 - 4/(8/(-30)). Suppose 852 = -j*l + 5184. What are the prime factors of l?
19
Let f(d) = 2*d**2 - 13*d + 10. Let r be f(22). Let q = r - 434. List the prime factors of q.
2, 3, 43
Suppose 0 = 5*c - 2*c - 339. Let s be ((-6)/(-6) - (0 - -2))/(12/(-240)). Let v = c + s. What are the prime factors of v?
7, 19
Let m = -60 - -213. Let n(b) = b**3 - 33*b**2 - 3*b + 145. Let f be n(33). Suppose -f = j - m. What are the prime factors of j?
107
Let z(u) = -22*u**3 + 44*u**2 - 3*u - 33. Let g(n) = 10*n**3 - 22*n**2 + 2*n + 17. Let p(f) = -13*g(f) - 6*z(